{"id":114,"date":"2024-01-14T17:26:40","date_gmt":"2024-01-14T17:26:40","guid":{"rendered":"https:\/\/www.wakeboatscharters.es\/?page_id=114"},"modified":"2024-05-24T11:19:22","modified_gmt":"2024-05-24T11:19:22","slug":"alquiler-de-barcos","status":"publish","type":"page","link":"https:\/\/wakeboatscharters.es\/index.php\/alquiler-de-barcos\/","title":{"rendered":"Alquiler de Barcos"},"content":{"rendered":"\t\t<div data-elementor-type=\"wp-page\" data-elementor-id=\"114\" class=\"elementor elementor-114\" data-elementor-post-type=\"page\">\n\t\t\t\t<div class=\"elementor-element elementor-element-c274573 e-con-full e-flex e-con e-parent\" data-id=\"c274573\" data-element_type=\"container\">\n\t\t\t\t<div class=\"elementor-element elementor-element-f279934 elementor-invisible elementor-widget elementor-widget-text-editor\" data-id=\"f279934\" data-element_type=\"widget\" data-settings=\"{&quot;_animation&quot;:&quot;fadeInRight&quot;}\" data-widget_type=\"text-editor.default\">\n\t\t\t\t<div class=\"elementor-widget-container\">\n\t\t\t\t\t\t\t\t\t<p><span style=\"vertical-align: inherit;\"><span style=\"vertical-align: inherit;\"><span style=\"vertical-align: inherit;\"><span style=\"vertical-align: inherit;\"><span style=\"vertical-align: inherit;\"><span style=\"vertical-align: inherit;\">En nuestra secci\u00f3n de\u00a0 <\/span><\/span><\/span><\/span><\/span><\/span><strong><span style=\"vertical-align: inherit;\"><span style=\"vertical-align: inherit;\"><span style=\"vertical-align: inherit;\"><span style=\"vertical-align: inherit;\"><span style=\"vertical-align: inherit;\"><span style=\"vertical-align: inherit;\">\u00abBarcos Day Charter\u00bb<\/span><\/span><\/span><\/span><\/span><\/span><\/strong><span style=\"vertical-align: inherit;\"><span style=\"vertical-align: inherit;\"><span style=\"vertical-align: inherit;\"><span style=\"vertical-align: inherit;\"><span style=\"vertical-align: inherit;\"><span style=\"vertical-align: inherit;\"> , ofrecemos una amplia selecci\u00f3n de embarcaciones de alquiler\u00a0 <\/span><\/span><\/span><\/span><\/span><\/span><strong><span style=\"vertical-align: inherit;\"><span style=\"vertical-align: inherit;\"><span style=\"vertical-align: inherit;\"><span style=\"vertical-align: inherit;\"><span style=\"vertical-align: inherit;\"><span style=\"vertical-align: inherit;\">CON\u00a0<\/span><\/span><\/span><\/span><\/span><\/span><\/strong><span style=\"vertical-align: inherit;\"><span style=\"vertical-align: inherit;\"><span style=\"vertical-align: inherit;\"><span style=\"vertical-align: inherit;\"><span style=\"vertical-align: inherit;\"><span style=\"vertical-align: inherit;\"> o\u00a0 <\/span><\/span><\/span><\/span><\/span><\/span><strong><span style=\"vertical-align: inherit;\"><span style=\"vertical-align: inherit;\"><span style=\"vertical-align: inherit;\"><span style=\"vertical-align: inherit;\"><span style=\"vertical-align: inherit;\"><span style=\"vertical-align: inherit;\">SIN<\/span><\/span><\/span><\/span><\/span><\/span><\/strong><span style=\"vertical-align: inherit;\"><span style=\"vertical-align: inherit;\"><span style=\"vertical-align: inherit;\"><span style=\"vertical-align: inherit;\"><span style=\"vertical-align: inherit;\"><span style=\"vertical-align: inherit;\"> \u00a0patr\u00f3n para que disfrutes de un d\u00eda inolvidable navegando por el mar Mediterr\u00e1neo.<\/span><\/span><\/span><\/span><\/span><\/span><\/p><p><span style=\"vertical-align: inherit;\"><span style=\"vertical-align: inherit;\"><span style=\"vertical-align: inherit;\"><span style=\"vertical-align: inherit;\"><span style=\"vertical-align: inherit;\"><span style=\"vertical-align: inherit;\">Con los barcos de\u00a0 <\/span><\/span><\/span><\/span><\/span><\/span><strong><span style=\"vertical-align: inherit;\"><span style=\"vertical-align: inherit;\"><span style=\"vertical-align: inherit;\"><span style=\"vertical-align: inherit;\"><span style=\"vertical-align: inherit;\"><span style=\"vertical-align: inherit;\">WakeBoats Charters<\/span><\/span><\/span><\/span><\/span><\/span><\/strong><span style=\"vertical-align: inherit;\"><span style=\"vertical-align: inherit;\"><span style=\"vertical-align: inherit;\"><span style=\"vertical-align: inherit;\"><span style=\"vertical-align: inherit;\"><span style=\"vertical-align: inherit;\"> , podr\u00e1s explorar la bonita Costa Blanca y descubrir las mejores calas y cuevas de D\u00e9nia, J\u00e1vea, Moraira y Calpe siempre con\u00a0 <\/span><\/span><\/span><\/span><\/span><\/span><strong><em><span style=\"vertical-align: inherit;\"><span style=\"vertical-align: inherit;\"><span style=\"vertical-align: inherit;\"><span style=\"vertical-align: inherit;\"><span style=\"vertical-align: inherit;\"><span style=\"vertical-align: inherit;\">los precios m\u00e1s competitivos de la zona.<\/span><\/span><\/span><\/span><\/span><\/span><\/em><\/strong><\/p>\t\t\t\t\t\t\t\t<\/div>\n\t\t\t\t<\/div>\n\t\t\t\t<\/div>\n\t\t<div class=\"elementor-element elementor-element-216691c e-flex e-con-boxed e-con e-parent\" data-id=\"216691c\" data-element_type=\"container\">\n\t\t\t\t\t<div class=\"e-con-inner\">\n\t\t\t\t<div class=\"elementor-element elementor-element-9dbcc74 elementor-skin-coverflow elementor-arrows-yes elementor-pagination-type-bullets elementor-pagination-position-outside elementor-invisible elementor-widget elementor-widget-media-carousel\" data-id=\"9dbcc74\" data-element_type=\"widget\" data-settings=\"{&quot;skin&quot;:&quot;coverflow&quot;,&quot;space_between&quot;:{&quot;unit&quot;:&quot;px&quot;,&quot;size&quot;:50,&quot;sizes&quot;:[]},&quot;_animation&quot;:&quot;lightSpeedIn&quot;,&quot;show_arrows&quot;:&quot;yes&quot;,&quot;pagination&quot;:&quot;bullets&quot;,&quot;speed&quot;:500,&quot;autoplay&quot;:&quot;yes&quot;,&quot;autoplay_speed&quot;:5000,&quot;loop&quot;:&quot;yes&quot;,&quot;pause_on_hover&quot;:&quot;yes&quot;,&quot;pause_on_interaction&quot;:&quot;yes&quot;,&quot;space_between_tablet&quot;:{&quot;unit&quot;:&quot;px&quot;,&quot;size&quot;:10,&quot;sizes&quot;:[]},&quot;space_between_mobile&quot;:{&quot;unit&quot;:&quot;px&quot;,&quot;size&quot;:10,&quot;sizes&quot;:[]}}\" data-widget_type=\"media-carousel.default\">\n\t\t\t\t<div class=\"elementor-widget-container\">\n\t\t\t\t\t\t\t<div class=\"elementor-swiper\">\n\t\t\t<div class=\"elementor-main-swiper swiper\">\n\t\t\t\t<div class=\"swiper-wrapper\">\n\t\t\t\t\t\t\t\t\t\t\t<div class=\"swiper-slide\">\n\t\t\t\t\t\t\t\t\t<div class=\"elementor-carousel-image\" role=\"img\" aria-label=\"75A75358-AFE5-4900-967A-A7D0AF3A8D7F\" style=\"background-image: url(&#039;https:\/\/wakeboatscharters.es\/wp-content\/uploads\/2024\/01\/75A75358-AFE5-4900-967A-A7D0AF3A8D7F-1-scaled.jpg&#039;)\">\n\n\t\t\t\n\t\t\t\t\t<\/div>\n\t\t\t\t\t\t\t\t<\/div>\n\t\t\t\t\t\t\t\t\t\t\t<div class=\"swiper-slide\">\n\t\t\t\t\t\t\t\t\t<div class=\"elementor-carousel-image\" role=\"img\" aria-label=\"IMG_8142\" style=\"background-image: url(&#039;https:\/\/wakeboatscharters.es\/wp-content\/uploads\/2024\/01\/IMG_8142.jpg&#039;)\">\n\n\t\t\t\n\t\t\t\t\t<\/div>\n\t\t\t\t\t\t\t\t<\/div>\n\t\t\t\t\t\t\t\t\t\t\t<div class=\"swiper-slide\">\n\t\t\t\t\t\t\t\t\t<div class=\"elementor-carousel-image\" role=\"img\" aria-label=\"IMG_3932\" style=\"background-image: url(&#039;https:\/\/wakeboatscharters.es\/wp-content\/uploads\/2024\/01\/IMG_3932.jpg&#039;)\">\n\n\t\t\t\n\t\t\t\t\t<\/div>\n\t\t\t\t\t\t\t\t<\/div>\n\t\t\t\t\t\t\t\t\t\t\t<div class=\"swiper-slide\">\n\t\t\t\t\t\t\t\t\t<div class=\"elementor-carousel-image\" role=\"img\" aria-label=\"\" style=\"background-image: url(&#039;https:\/\/www.wakeboatscharters.es\/wp-content\/plugins\/elementor\/assets\/images\/placeholder.png&#039;)\">\n\n\t\t\t\n\t\t\t\t\t<\/div>\n\t\t\t\t\t\t\t\t<\/div>\n\t\t\t\t\t\t\t\t\t\t\t<div class=\"swiper-slide\">\n\t\t\t\t\t\t\t\t\t<div class=\"elementor-carousel-image\" role=\"img\" aria-label=\"\" style=\"background-image: url(&#039;https:\/\/www.wakeboatscharters.es\/wp-content\/plugins\/elementor\/assets\/images\/placeholder.png&#039;)\">\n\n\t\t\t\n\t\t\t\t\t<\/div>\n\t\t\t\t\t\t\t\t<\/div>\n\t\t\t\t\t\t\t\t\t<\/div>\n\t\t\t\t\t\t\t\t\t\t\t\t\t\t\t<div class=\"swiper-pagination\"><\/div>\n\t\t\t\t\t\t\t\t\t\t\t\t\t\t\t\t<div class=\"elementor-swiper-button elementor-swiper-button-prev\" role=\"button\" tabindex=\"0\">\n\t\t\t\t\t\t\t<svg aria-hidden=\"true\" class=\"e-font-icon-svg e-eicon-chevron-left\" viewBox=\"0 0 1000 1000\" xmlns=\"http:\/\/www.w3.org\/2000\/svg\"><path d=\"M646 125C629 125 613 133 604 142L308 442C296 454 292 471 292 487 292 504 296 521 308 533L604 854C617 867 629 875 646 875 663 875 679 871 692 858 704 846 713 829 713 812 713 796 708 779 692 767L438 487 692 225C700 217 708 204 708 187 708 171 704 154 692 142 675 129 663 125 646 125Z\"><\/path><\/svg>\t\t\t\t\t\t\t<span class=\"elementor-screen-only\">Previous<\/span>\n\t\t\t\t\t\t<\/div>\n\t\t\t\t\t\t<div class=\"elementor-swiper-button elementor-swiper-button-next\" role=\"button\" tabindex=\"0\">\n\t\t\t\t\t\t\t<svg aria-hidden=\"true\" class=\"e-font-icon-svg e-eicon-chevron-right\" viewBox=\"0 0 1000 1000\" xmlns=\"http:\/\/www.w3.org\/2000\/svg\"><path d=\"M696 533C708 521 713 504 713 487 713 471 708 454 696 446L400 146C388 133 375 125 354 125 338 125 325 129 313 142 300 154 292 171 292 187 292 204 296 221 308 233L563 492 304 771C292 783 288 800 288 817 288 833 296 850 308 863 321 871 338 875 354 875 371 875 388 867 400 854L696 533Z\"><\/path><\/svg>\t\t\t\t\t\t\t<span class=\"elementor-screen-only\">Next<\/span>\n\t\t\t\t\t\t<\/div>\n\t\t\t\t\t\t\t\t\t\t\t\t<\/div>\n\t\t<\/div>\n\t\t\t\t\t\t<\/div>\n\t\t\t\t<\/div>\n\t\t\t\t\t<\/div>\n\t\t\t\t<\/div>\n\t\t<div class=\"elementor-element elementor-element-a5009b2 e-flex e-con-boxed e-con e-parent\" data-id=\"a5009b2\" data-element_type=\"container\">\n\t\t\t\t\t<div class=\"e-con-inner\">\n\t\t<div class=\"elementor-element elementor-element-fd5c362 e-con-full e-flex e-con e-child\" data-id=\"fd5c362\" data-element_type=\"container\">\n\t\t\t\t<div class=\"elementor-element elementor-element-ba404c8 elementor-invisible elementor-widget elementor-widget-image\" data-id=\"ba404c8\" data-element_type=\"widget\" data-settings=\"{&quot;_animation&quot;:&quot;zoomIn&quot;}\" data-widget_type=\"image.default\">\n\t\t\t\t<div class=\"elementor-widget-container\">\n\t\t\t\t\t\t\t\t\t\t\t\t\t\t\t\t<a href=\"https:\/\/wakeboatscharters.es\/index.php\/sessa-marine\">\n\t\t\t\t\t\t\t<img fetchpriority=\"high\" decoding=\"async\" width=\"768\" height=\"1024\" src=\"https:\/\/wakeboatscharters.es\/wp-content\/uploads\/2024\/03\/IMG_2780-768x1024.png\" class=\"attachment-large size-large wp-image-921\" alt=\"\" srcset=\"https:\/\/wakeboatscharters.es\/wp-content\/uploads\/2024\/03\/IMG_2780-768x1024.png 768w, https:\/\/wakeboatscharters.es\/wp-content\/uploads\/2024\/03\/IMG_2780-225x300.png 225w, https:\/\/wakeboatscharters.es\/wp-content\/uploads\/2024\/03\/IMG_2780-2000x2668.png 2000w, https:\/\/wakeboatscharters.es\/wp-content\/uploads\/2024\/03\/IMG_2780-1151x1536.png 1151w, https:\/\/wakeboatscharters.es\/wp-content\/uploads\/2024\/03\/IMG_2780-1535x2048.png 1535w, https:\/\/wakeboatscharters.es\/wp-content\/uploads\/2024\/03\/IMG_2780.png 2048w\" sizes=\"100vw\" \/>\t\t\t\t\t\t\t\t<\/a>\n\t\t\t\t\t\t\t\t\t\t\t\t\t\t\t<\/div>\n\t\t\t\t<\/div>\n\t\t\t\t<\/div>\n\t\t<div class=\"elementor-element elementor-element-4817b42 e-con-full e-flex e-con e-child\" data-id=\"4817b42\" data-element_type=\"container\">\n\t\t\t\t<div class=\"elementor-element elementor-element-0d627af elementor-invisible elementor-widget elementor-widget-image\" data-id=\"0d627af\" data-element_type=\"widget\" data-settings=\"{&quot;_animation&quot;:&quot;zoomIn&quot;}\" data-widget_type=\"image.default\">\n\t\t\t\t<div class=\"elementor-widget-container\">\n\t\t\t\t\t\t\t\t\t\t\t\t\t\t\t\t<a href=\"https:\/\/wakeboatscharters.es\/index.php\/karnic-58\/\">\n\t\t\t\t\t\t\t<img decoding=\"async\" width=\"768\" height=\"1024\" src=\"https:\/\/wakeboatscharters.es\/wp-content\/uploads\/2024\/05\/IMG_5669-768x1024.png\" class=\"attachment-large size-large wp-image-1727\" alt=\"\" srcset=\"https:\/\/wakeboatscharters.es\/wp-content\/uploads\/2024\/05\/IMG_5669-768x1024.png 768w, https:\/\/wakeboatscharters.es\/wp-content\/uploads\/2024\/05\/IMG_5669-225x300.png 225w, https:\/\/wakeboatscharters.es\/wp-content\/uploads\/2024\/05\/IMG_5669-2000x2668.png 2000w, https:\/\/wakeboatscharters.es\/wp-content\/uploads\/2024\/05\/IMG_5669-1151x1536.png 1151w, https:\/\/wakeboatscharters.es\/wp-content\/uploads\/2024\/05\/IMG_5669-1535x2048.png 1535w, https:\/\/wakeboatscharters.es\/wp-content\/uploads\/2024\/05\/IMG_5669.png 2048w\" sizes=\"100vw\" \/>\t\t\t\t\t\t\t\t<\/a>\n\t\t\t\t\t\t\t\t\t\t\t\t\t\t\t<\/div>\n\t\t\t\t<\/div>\n\t\t\t\t<\/div>\n\t\t\t\t\t<\/div>\n\t\t\t\t<\/div>\n\t\t<div class=\"elementor-element elementor-element-b9a2e99 e-flex e-con-boxed e-con e-parent\" data-id=\"b9a2e99\" data-element_type=\"container\">\n\t\t\t\t\t<div class=\"e-con-inner\">\n\t\t<div class=\"elementor-element elementor-element-751a14c e-con-full e-flex e-con e-child\" data-id=\"751a14c\" data-element_type=\"container\">\n\t\t\t\t<\/div>\n\t\t<div class=\"elementor-element elementor-element-79cdc16 e-con-full e-flex e-con e-child\" data-id=\"79cdc16\" data-element_type=\"container\">\n\t\t\t\t<\/div>\n\t\t\t\t\t<\/div>\n\t\t\t\t<\/div>\n\t\t\t\t<\/div>\n\t\t","protected":false},"excerpt":{"rendered":"<p>En nuestra secci\u00f3n de\u00a0 \u00abBarcos Day Charter\u00bb , ofrecemos una amplia selecci\u00f3n de embarcaciones de alquiler\u00a0 CON\u00a0 o\u00a0 SIN \u00a0patr\u00f3n para que disfrutes de un d\u00eda inolvidable navegando por el mar Mediterr\u00e1neo. Con los barcos de\u00a0 WakeBoats Charters , podr\u00e1s explorar la bonita Costa Blanca y descubrir las mejores calas y cuevas de D\u00e9nia, J\u00e1vea, &hellip; <\/p>\n<p class=\"link-more\"><a href=\"https:\/\/wakeboatscharters.es\/index.php\/alquiler-de-barcos\/\" class=\"more-link\">Leer m\u00e1s<span class=\"screen-reader-text\"> \u00abAlquiler de Barcos\u00bb<\/span><\/a><\/p>\n","protected":false},"author":1,"featured_media":120,"parent":0,"menu_order":0,"comment_status":"closed","ping_status":"closed","template":"","meta":{"footnotes":""},"class_list":["post-114","page","type-page","status-publish","has-post-thumbnail","hentry"],"_links":{"self":[{"href":"https:\/\/wakeboatscharters.es\/index.php\/wp-json\/wp\/v2\/pages\/114","targetHints":{"allow":["GET"]}}],"collection":[{"href":"https:\/\/wakeboatscharters.es\/index.php\/wp-json\/wp\/v2\/pages"}],"about":[{"href":"https:\/\/wakeboatscharters.es\/index.php\/wp-json\/wp\/v2\/types\/page"}],"author":[{"embeddable":true,"href":"https:\/\/wakeboatscharters.es\/index.php\/wp-json\/wp\/v2\/users\/1"}],"replies":[{"embeddable":true,"href":"https:\/\/wakeboatscharters.es\/index.php\/wp-json\/wp\/v2\/comments?post=114"}],"version-history":[{"count":199,"href":"https:\/\/wakeboatscharters.es\/index.php\/wp-json\/wp\/v2\/pages\/114\/revisions"}],"predecessor-version":[{"id":1775,"href":"https:\/\/wakeboatscharters.es\/index.php\/wp-json\/wp\/v2\/pages\/114\/revisions\/1775"}],"wp:featuredmedia":[{"embeddable":true,"href":"https:\/\/wakeboatscharters.es\/index.php\/wp-json\/wp\/v2\/media\/120"}],"wp:attachment":[{"href":"https:\/\/wakeboatscharters.es\/index.php\/wp-json\/wp\/v2\/media?parent=114"}],"curies":[{"name":"wp","href":"https:\/\/api.w.org\/{rel}","templated":true}]}}